termine a(-8).
12
Let s(m) = -m**2 + 4*m + 7. What is s(5)?
2
Let m(g) = 11*g - 89. Give m(9).
10
Let g(y) = 7*y**2 + 61*y - 19. What is g(-9)?
-1
Let i(f) = f**2 + 4*f - 31. Determine i(-5).
-26
Let k(s) = 5*s**3 - 30*s**2 + 3*s - 13. Calculate k(6).
5
Let t(g) = -23*g**3 - g**2 - 3*g + 2. What is t(1)?
-25
Let i(a) = -12*a**2 - 1. What is i(-1)?
-13
Let z(y) = -y - 13. Determine z(-19).
6
Let r(f) = -23*f**3 - f**2 - f - 1. Calculate r(-1).
22
Let t(i) = i**3 + 5*i**2 + 8*i - 6. Give t(-3).
-12
Let s(k) = -k**3 + 29*k**2 + 27*k + 89. Calculate s(30).
-1
Let p(h) = -h**2 + 25*h + 109. Calculate p(-6).
-77
Let x(y) = -2*y - 51. Determine x(-13).
-25
Let w(i) = -38*i - 123. Determine w(-3).
-9
Let n(v) = -38*v - 7. What is n(3)?
-121
Let o(t) = -t**3 - 13*t**2 - t - 10. Give o(-13).
3
Let g(c) = c**2 + 25*c + 18. Give g(-13).
-138
Let h(q) = 12*q**2 - 3*q + 3. Give h(1).
12
Let t(d) = 3*d**2 - 53*d - 76. Determine t(19).
0
Let p(n) = n**3 + 24*n**2 - 25*n - 9. What is p(-25)?
-9
Let f(i) = -3*i**3 + 2*i**2 + 1. Give f(2).
-15
Let s(b) = -15*b + 50. Determine s(3).
5
Let h(p) = -2*p + 14. Determine h(6).
2
Let k(z) = z**2 - 7*z + 22. Determine k(4).
10
Let m(j) = -2*j**2 - 37*j - 30. What is m(-18)?
-12
Let t(h) = h**3 + 19*h**2 + 26*h + 134. Give t(-18).
-10
Let x(m) = -m**3 + 36*m**2 + 2*m - 53. Give x(36).
19
Let r(d) = d**2 + 5*d + 4. Give r(-5).
4
Let k(v) = v**3 - 7*v**2 - 10*v - 51. Calculate k(9).
21
Let n(k) = -2*k - 22. What is n(-7)?
-8
Let v(f) = f**2 - 7*f - 2. What is v(5)?
-12
Let f(u) = -u**2 - u - 3. What is f(3)?
-15
Let n(i) = 7*i - 57. Give n(6).
-15
Let v(l) = -20*l - 463. What is v(-23)?
-3
Let c(g) = -g + 6. Determine c(-7).
13
Let a(y) = -6*y + 20. Calculate a(3).
2
Let w(u) = u**2 + 4*u + 5. Give w(-4).
5
Let y(t) = t**3 - t**2 - 3*t - 2. Give y(-2).
-8
Let z(v) = -v + 1. Determine z(10).
-9
Let o(s) = s**2 + 5*s - 40. Give o(-8).
-16
Let f(g) = -3*g + 20. What is f(10)?
-10
Let t(f) = -2*f**2 - 9*f + 5. What is t(-7)?
-30
Let y(h) = h**3 + h**2 + h + 14. Determine y(0).
14
Let q(l) = 5*l - 20. Calculate q(3).
-5
Let w(l) = -2*l**2 - 2*l + 1. Determine w(-2).
-3
Let p(a) = a + 9. Calculate p(-10).
-1
Let u(j) = 16*j + 175. Determine u(-11).
-1
Let n(p) = p**3 + 3*p**2 + 2*p + 4. Calculate n(-3).
-2
Let r(v) = v**2 - 31*v - 185. What is r(-5)?
-5
Let f(i) = 7*i - 61. What is f(8)?
-5
Let t(v) = -v**2 + 4*v + 11. Give t(7).
-10
Let h(d) = 30*d + 14. Calculate h(-3).
-76
Let z(u) = -2*u**3 + 2*u**2 - 1. Give z(2).
-9
Let h(w) = -2*w**3 - 4*w**2 + 7*w + 9. Calculate h(-3).
6
Let z(y) = y**3 - 43*y**2 + 407*y - 28. Determine z(29).
1
Let z(h) = -h**3 + 7*h**2 - 6*h - 5. Give z(6).
-5
Let j(m) = -m + 8. Determine j(0).
8
Let a(u) = -2*u - 19. What is a(-8)?
-3
Let h(d) = 12*d - 1. Calculate h(4).
47
Let q(w) = -7*w + 2. What is q(-2)?
16
Let x(p) = p**3 - p**2 + 1. Calculate x(-2).
-11
Let i(h) = -2*h - 5. Determine i(-3).
1
Let c(y) = -7*y. Give c(2).
-14
Let m(j) = 2*j + 1. Determine m(1).
3
Let k(l) = l**3 + 12*l**2 + 4*l + 49. What is k(-11)?
126
Let h(x) = -x**2 + 2*x - 8. Give h(3).
-11
Let u(t) = t**2 - 12*t + 21. Determine u(10).
1
Let l(n) = -n + 16. Give l(5).
11
Let y(p) = p + 2. Calculate y(-7).
-5
Let j(g) = -g**2 + 11*g + 76. Determine j(15).
16
Let z(c) = 8*c. Give z(1).
8
Let l(c) = -10*c - 174. Give l(-17).
-4
Let h(a) = -a**3 - 16*a**2 - 4*a + 4. What is h(-16)?
68
Let b(q) = 3*q**2 - 7*q - 11. What is b(-3)?
37
Let r(s) = s**3 - 9*s**2 + 9*s - 5. What is r(8)?
3
Let v(g) = -6*g + 10. Give v(4).
-14
Let n(v) = -2*v + 4. Determine n(-3).
10
Let p(c) = -26*c + 165. Calculate p(6).
9
Let a(j) = -2*j**2 + 20*j - 38. Give a(8).
-6
Let z(l) = l**3 - 19*l**2 - 3*l - 14. Calculate z(19).
-71
Let t(g) = 11*g**2 + 9*g - 11. Calculate t(1).
9
Let h(c) = -c**3 - 3*c**2 + 6*c + 9. Calculate h(-4).
1
Let a(r) = 34*r + 208. Calculate a(-6).
4
Let x(t) = 8*t + 145. What is x(-18)?
1
Let v(p) = p**3 + 12*p**2 - 9*p - 32. Give v(-13).
-84
Let c(j) = j**3 - 21*j**2 - j + 37. Calculate c(21).
16
Let n(b) = -6*b - 3. Give n(-4).
21
Let q(y) = -y**3 + 7*y**2 - 6*y - 2. Determine q(7).
-44
Let u(h) = -5*h + 6. What is u(-9)?
51
Let m(h) = 2*h**3 + 9*h**2 - 8*h - 23. Give m(-5).
-8
Let k(x) = x**2 - 8*x - 215. What is k(-11)?
-6
Let p(f) = f**2 - 23*f - 6. What is p(22)?
-28
Let j(v) = 3*v**2 + 90*v + 33. Determine j(-29).
-54
Let w(c) = -c**3 + 5*c**2 + 10*c - 12. Calculate w(5).
38
Let l(k) = -k**3 - 23*k**2 - 3*k + 31. Determine l(-23).
100
Let g(v) = -v + 1. Determine g(-5).
6
Let k(a) = -a + 23. Determine k(0).
23
Let v(k) = -2*k**3 + 2*k**2 - 3*k + 9. What is v(2)?
-5
Let r(l) = -2*l**3 + 4*l**2 + 2*l + 5. Determine r(4).
-51
Let c(y) = -y**2 + 9*y + 9. Calculate c(11).
-13
Let r(i) = i**2 + 14*i. What is r(-14)?
0
Let s(z) = 16*z - 110. Give s(7).
2
Let u(a) = 3*a + 8. Give u(-11).
-25
Let g(a) = -71*a + 10. Determine g(1).
-61
Let x(w) = -w + 26. Calculate x(15).
11
Let q(a) = a**3 + 9*a**2 - 17*a + 7. Give q(-11).
-48
Let y(s) = -3*s**2 - 17*s - 21. Calculate y(-2).
1
Let t(y) = 8*y**2 + y - 3. Calculate t(1).
6
Let k(f) = 3*f**2 - 45*f + 84. Calculate k(13).
6
Let w(i) = -4*i**2 - 3*i + 1. What is w(-3)?
-26
Let x(c) = 34*c + 56. Determine x(-2).
-12
Let g(c) = 3*c**3 - 14*c**2 + 5*c - 2. Determine g(4).
-14
Let a(s) = -s**2 + 5*s - 8. What is a(6)?
-14
Let g(o) = -9*o. Give g(-4).
36
Let y(h) = -35*h - 67. What is y(-2)?
3
Let o(d) = -d**3 - 7*d**2 - 12*d - 20. Give o(-6).
16
Let n(t) = t**3 - 21*t**2 + 17*t + 58. What is n(20)?
-2
Let a(g) = -g**3 + 2*g**2 - 7*g + 3. Determine a(0).
3
Let w(r) = -6*r + 30. What is w(-10)?
90
Let g(o) = -2*o**3 + 3*o**2 + o - 3. Give g(-2).
23
Let p(m) = 2*m**2 + 2*m. Give p(-4).
24
Let z(l) = l**2 + 7*l + 22. Calculate z(-6).
16
Let j(x) = -x**3 - 27*x**2 - 24*x + 30. Calculate j(-26).
-22
Let w(j) = -2*j**2 - 27*j - 7. Determine w(-13).
6
Let u(s) = 2*s - 67. Give u(32).
-3
Let f(a) = a**2 - 13*a - 261. What is f(24)?
3
Let m(s) = -3*s - 15. Determine m(-6).
3
Let a(l) = l**2 - 7. Calculate a(5).
18
Let f(b) = 5*b**2 - 44*b + 104. Calculate f(5).
9
Let m(i) = -4*i**3 - 2*i**2 - 4*i - 2. Determine m(-2).
30
Let s(b) = -3*b**2 - 5*b + 4. Give s(1).
-4
Let t(r) = 5*r + 5. Determine t(7).
40
Let d(j) = j**2 - 25*j - 188. Give d(31).
-2
Let o(a) = a**3 - a**2 + 3*a - 3. Calculate o(2).
7
Let b(y) = -y**2 + 4*y - 6. Determine b(2).
-2
Let t(d) = d**2 - 18*d - 308. Calculate t(29).
11
Let p(k) = -4*k**3 + 29*k**2 + 19*k - 6. What is p(8)?
-46
Let a(b) = -b**3 + 26*b**2 + 27*b + 7. What is a(27)?
7
Let n(x) = -3*x**2 - 10*x + 16. Determine n(-6).
-32
Let k(i) = i**3 + 8*i**2 + 2*i + 9. What is k(-7)?
44
Let y(o) = 3*o**2 - o + 3. Calculate y(3).
27
Let c(a) = -2*a**2 - 29*a + 7. What is c(-14)?
21
Let s(g) = g**3 + 3*g**2 - g + 8. What is s(-4)?
-4
Let x(a) = a**2 + 6*a - 6. Give x(-8).
10
Let m(c) = c**2 - 6*c - 153. What is m(16)?
7
Let n(v) = -6*v**2 + 7*v + 4. Calculate n(-2).
-34
Let u(a) = -a**3 + 13. What is u(0)?
13
Let o(t) = -t**3 + 9*t**2 - 21*t + 1. Calculate o(6).
-17
Let v(g) = -2*g**3 + 3*g**2 + 4*g - 2. What is v(3)?
-17
Let p(q) = q**3 + q**2 - 2*q - 10. What is p(0)?
-10
Let s(p) = p**2 + 5*p + 1. Calculate s(-5).
1
Let q(s) = -3*s - 40. Give q(-12).
-4
Let d(n) = -n**2 - 15*n - 20. Give d(-19).
-96
Let g(b) = -b**3 - 9*b**2 - 8*b - 14. Give g(-6).
-74
Let d(f) = f**3 - 14*f**2 - f + 62. Give d(14).
48
Let z(y) = y**3 - 6*y**2 + 5*y - 4. Calculate z(3).
-16
Let y(s) = -s**3 + 28*s**2 - 28*s + 26. Give y(27).
-1
Let b(q) = -16*q + 61. Calculate b(3).
13
Let n(v) = v**3 - 15*v**2 + 2*v + 8. Give n(15).
38
Let w(y) = -2*y**2 + 5*y + 13. Give w(4).
1
Let y(s) = -s**3 - 12*s**2 - s + 8. What is y(-12)?
20
Let w(o) = 2*o**2 + 20*o + 4. Determine w(-8).
-28
Let k(q) = -q**3 + 11*q**2 + 2*q - 10. Give k(11).
12
Let n(o) = o**2 + o. Determine n(-3).
6
Let g(u) = u**3 + 11*u**2 + 8*u - 19. Calculate g(-10).
1
Let k(u) = u**2 - 7*u - 2. Give k(7).
-2
Let p(a) = -a**3 + a**2 - a - 162. Calculate p(0).
-162
Let x(c) = c**2 + c + 13. Determine x(0).
13
Let k(i) = 6*i - 46. Determine k(9).
8
Let x(c) = -c - 9. What is x(9)?
-18
Let j(y) = -5*y + 24. Determine j(6).
-6
Let i(p) = 2*p**2 - 4*p - 11. Give i(6).
37
Let y(f) = -f + 11. Give y(4).
7
Let g(q) = -q + 13. Calculate g(5).
8
Let c